st common factor of 71525 and 200?
25
Calculate the greatest common divisor of 44092 and 1168.
292
What is the greatest common divisor of 64630 and 690?
230
Calculate the greatest common factor of 294 and 2586.
6
Calculate the highest common divisor of 95591 and 272.
17
What is the greatest common factor of 204540 and 210?
210
What is the greatest common divisor of 11 and 720709?
11
What is the highest common divisor of 3014 and 339760?
274
What is the greatest common factor of 16880 and 90?
10
Calculate the greatest common factor of 77 and 182.
7
What is the highest common divisor of 436 and 10484?
4
What is the greatest common factor of 307469 and 10572?
881
What is the highest common factor of 345 and 83260?
115
What is the greatest common factor of 28580 and 12020?
20
Calculate the greatest common factor of 128 and 62528.
64
What is the greatest common divisor of 42336 and 171?
9
What is the greatest common factor of 562448 and 16?
16
Calculate the greatest common factor of 26361 and 377.
29
What is the highest common factor of 831662 and 406?
58
What is the greatest common divisor of 490 and 292880?
70
What is the highest common factor of 68961 and 22479?
381
What is the highest common divisor of 65 and 436787?
13
What is the greatest common divisor of 40066 and 66330?
134
What is the highest common divisor of 20120 and 40?
40
Calculate the highest common divisor of 323 and 17663.
17
What is the highest common divisor of 171 and 3429?
9
What is the highest common divisor of 1771 and 154583?
253
Calculate the greatest common factor of 8159 and 11029.
41
What is the greatest common factor of 102 and 1338?
6
Calculate the greatest common divisor of 48601 and 42182.
917
Calculate the greatest common factor of 24315 and 25.
5
What is the highest common divisor of 698 and 37343?
349
Calculate the highest common factor of 117884 and 65.
13
What is the greatest common divisor of 243528 and 33?
3
Calculate the highest common factor of 634878 and 486.
162
What is the highest common factor of 4393 and 40492?
191
What is the greatest common divisor of 767 and 8160113?
767
Calculate the highest common factor of 2475 and 803275.
275
Calculate the highest common divisor of 907647 and 2516.
629
What is the highest common divisor of 132 and 766116?
12
Calculate the highest common factor of 177604 and 28.
28
Calculate the highest common divisor of 69077 and 67.
67
Calculate the greatest common divisor of 77728 and 28.
28
What is the greatest common divisor of 213450 and 600?
150
What is the greatest common divisor of 18239 and 162565?
793
Calculate the highest common divisor of 46292 and 489.
163
Calculate the highest common factor of 456 and 1740.
12
What is the greatest common factor of 105 and 618513?
21
What is the greatest common divisor of 145905 and 38360?
685
What is the greatest common factor of 7232 and 10396?
452
Calculate the greatest common divisor of 1463283 and 207.
207
Calculate the greatest common factor of 79142 and 98.
14
What is the highest common divisor of 516544 and 2408?
56
Calculate the greatest common factor of 1442 and 55620.
206
Calculate the highest common divisor of 14674 and 15631.
319
What is the greatest common divisor of 1 and 343?
1
Calculate the greatest common divisor of 61 and 771833.
61
What is the highest common factor of 21869 and 76?
19
What is the greatest common divisor of 25773 and 10153?
781
Calculate the greatest common factor of 25664 and 2005.
401
Calculate the highest common factor of 250524 and 20.
4
Calculate the highest common factor of 36 and 528348.
12
What is the greatest common divisor of 850 and 240975?
425
What is the greatest common factor of 645311 and 736?
23
What is the greatest common factor of 19705 and 105?
35
What is the highest common divisor of 120 and 482320?
40
What is the greatest common factor of 576495 and 90?
45
Calculate the highest common divisor of 139286 and 42.
14
What is the greatest common divisor of 583161 and 1131?
87
What is the highest common factor of 20978 and 136?
34
Calculate the greatest common factor of 44183 and 7429.
391
What is the highest common divisor of 41267 and 231949?
1423
What is the highest common divisor of 6153 and 5860?
293
Calculate the highest common factor of 3503 and 3348.
31
What is the greatest common divisor of 375402 and 3774?
222
Calculate the greatest common factor of 637209 and 606.
303
Calculate the highest common factor of 9108 and 27.
9
What is the greatest common factor of 143568 and 18?
18
What is the greatest common factor of 241101 and 516?
129
What is the greatest common factor of 632 and 1201748?
316
What is the highest common factor of 65615 and 125?
5
Calculate the highest common divisor of 4011 and 56.
7
Calculate the highest common divisor of 200 and 46120.
40
Calculate the greatest common divisor of 2080 and 128.
32
What is the highest common divisor of 12 and 10028?
4
Calculate the highest common divisor of 337 and 104807.
337
What is the highest common divisor of 6669 and 91?
13
What is the highest common divisor of 4145 and 170?
5
Calculate the greatest common divisor of 3520 and 4444.
44
Calculate the highest common divisor of 4065 and 165.
15
What is the highest common factor of 150 and 525?
75
Calculate the highest common divisor of 1934 and 157621.
967
Calculate the greatest common divisor of 89816 and 824.
824
Calculate the greatest common factor of 202 and 2032827.
101
Calculate the highest common factor of 8262 and 94770.
486
What is the greatest common divisor of 44280 and 4590?
270
Calculate the highest common factor of 1078 and 11.
11
Calculate the greatest common divisor of 20 and 235780.
20
What is the highest common factor of 23416 and 1024?
8
Calculate the greatest common divisor of 280 and 6825.
35
What is the highest common divisor of 1020 and 77265?
255
Calculate the highest common divisor of 2940 and 60.
60
Calculate the greatest common divisor of 12 and 214012.
4
Calculate the greatest common factor of 110848 and 16.
16
Calculate the greatest common factor of 1236554 and 88.
22
Calculate the greatest common factor of 744 and 10056.
24
What is the greatest common factor of 105 and 427140?
105
What is the greatest common factor of 236508 and 24?
12
Calculate the greatest common divisor of 3066 and 876.
438
What is the highest common divisor of 74424 and 105?
21
What is the greatest common factor of 426 and 784692?
426
Calculate the highest common divisor of 1147 and 181.
1
What is the highest common factor of 669 and 249091?
223
Calculate the highest common divisor of 2 and 405930.
2
What is the greatest common factor of 121473 and 792?
99
Calculate the greatest common divisor of 188 and 72615.
47
What is the greatest common factor of 32 and 5416?
8
What is the greatest common factor of 68 and 345542?
34
What is the highest common factor of 276 and 552966?
138
What is the greatest common factor of 92 and 23506?
46
What is the highest common divisor of 839223 and 539?
539
What is the greatest common factor of 6018 and 98058?
354
Calculate the highest common factor of 65939 and 3029.
233
What is the highest common divisor of 3978 and 326664?
234
Calculate the highest common divisor of 132 and 4848.
12
What is the highest common factor of 539529 and 119?
17
Calculate the highest common divisor of 740490 and 210.
30
What is the greatest common divisor of 772 and 6781634?
386
Calculate the highest common factor of 5725963 and 1363.
1363
Calculate the greatest common divisor of 22 and 858638.
22
What is the greatest common factor of 14832 and 59431?
103
Calculate the greatest common divisor of 165 and 9147435.
165
What is the greatest common factor of 74 and 1861507?
37
What is the highest common factor of 1358 and 554258?
194
What is the greatest common divisor of 351 and 1534?
13
What is the highest common divisor of 2075 and 30461?
83
What is the greatest common factor of 5 and 17036?
1
Calculate the greatest common divisor of 165614 and 68.
34
Calculate the greatest common divisor of 40884 and 12.
12
Calculate the greatest common divisor of 920 and 10005.
115
Calculate the highest common divisor of 60 and 94596.
12
What is the greatest common factor of 33 and 10923?
33
What is the highest common divisor 